, -w + p + 85 = 3*p. What is the remainder when 361 is divided by w?
29
Suppose -2*o - 8 = x, 0*o - 12 = -x + 3*o. Let c = 750 - 730. What is the remainder when 3 + (-1 + 75 - x) is divided by c?
17
Let y = 465 - -58. Let o = y + -286. What is the remainder when o is divided by 16?
13
What is the remainder when 947 is divided by 2*(27/4 - ((-765)/(-60) - 12))?
11
Let l(h) = h**2 + 3. Let y be l(0). Suppose y*s = -4*i + 368, 479 = 25*i - 20*i - s. What is the remainder when i is divided by 6?
5
Let a = -908 - -1532. Suppose 3108 = 5*s + o, s + 4*o - a = 3*o. Calculate the remainder when s is divided by 13.
10
Let f = 83 + -53. Suppose k - f = -2*s - 4, 4*s - 56 = -3*k. Calculate the remainder when 39 is divided by s.
6
Let g = 415 - 414. What is the remainder when 275 is divided by (21/(-14))/(g/(-62))?
89
Let l = 9586 + -9573. What is the remainder when 61 is divided by l?
9
Suppose 3*u = 4*p - 113, 2*u = -4*p + 130 - 32. Let l = 0 + p. Suppose 21*y = -38*y - 22*y + 4131. What is the remainder when y is divided by l?
25
Suppose -2*p - 9 = -p. Calculate the remainder when (8/(-4) - -3)*19 is divided by 4 - (10 + -3) - p.
1
What is the remainder when (-77000)/(-11) + -3 + 15/3 + -1 is divided by 68?
65
Let d(c) = -23*c + 891. Let s be d(51). Suppose 4*q - 5*z + 45 = 0, -2*z + 6 = 2*q + 42. What is the remainder when 10*(s/q + -3) is divided by 32?
30
Let h be 0 + -2 - 11*(-2 - -89). What is the remainder when 304 is divided by h/(-28) + 1/(-4)?
32
Suppose 84 = t + 4*g - 8*g, 300 = 4*t + 2*g. Calculate the remainder when t is divided by 28.
20
Let x = -3545 - -1983. Calculate the remainder when x/(-14) + (60/35)/4 is divided by 13.
8
Calculate the remainder when (-170)/450 + (-12)/(-20) + (-22928)/(-18) is divided by 15.
14
Let z = -1807 + 2002. Calculate the remainder when z is divided by 66.
63
Let u(v) = 127*v**2 - 615*v - 9. Calculate the remainder when 3909 is divided by u(5).
87
Let w = 10 + -4. Suppose -2*d + 5*a + 550 = 0, -d - 4*a = 43 - 318. Let u = 291 - d. What is the remainder when u is divided by w?
4
Suppose -24*o + 25*o - 5*i = 426, 0 = 5*o - 3*i - 2218. Calculate the remainder when o is divided by 153.
140
Suppose 5*i + 168 = 9*i. Suppose -51*b = -i*b - 1512. What is the remainder when b is divided by 16?
8
Let l(y) = -y**2 - 18*y - 36. Calculate the remainder when 6936 is divided by l(-14).
16
Let u = 6334 - 5701. What is the remainder when u is divided by 107?
98
Let p = -22663 - -22686. What is the remainder when 6131 is divided by p?
13
Calculate the remainder when 199 is divided by -85*-3*30/225.
29
Let m(q) = 4*q**2 - 12*q + 22. What is the remainder when m(10) is divided by (-1656)/(-88) - (-2)/11?
17
Suppose 1 + 9 = 2*d. Suppose -d*c - 100 = -h - 0*c, -95 = -h + 4*c. What is the remainder when h is divided by (-5)/(-1) - (-11)/11?
3
Let g = 34 - 30. Suppose 5*o = 4*b + 17, 8 = g*o - 4*b - 4. What is the remainder when 6 is divided by o?
1
Let j(l) = -2*l**2 + 897*l + 16917. Let i(q) = 4*q**3 - 1. Let y = 4 - 2. What is the remainder when j(-18) is divided by i(y)?
30
Let w(k) = -k**3 + 6*k**2 + 8*k + 41. What is the remainder when w(6) is divided by 28?
5
Suppose 78*x - 12597 = 1521. Calculate the remainder when 433 is divided by x.
71
Let p(h) = -5*h + 12. Let v(t) = 29*t - 75. Let q(o) = -13*p(o) - 2*v(o). Let r(x) = x + 13. Let c be r(-6). What is the remainder when q(c) is divided by 12?
7
Suppose -l + 25 = -5*u, -u + 177 = -26*l + 31*l. Let q be (-10 + 1 + 0)*1. Let t(g) = g**2 + 7*g - 5. Calculate the remainder when l is divided by t(q).
9
Suppose n + 3*l = 348 + 116, -2*l = 2*n - 908. Suppose 292 = 13*u - n. Calculate the remainder when 455 is divided by u.
56
Let x = -3026 - -3129. What is the remainder when x is divided by 91?
12
Suppose 3*g + 4*k + k = 106, 0 = 5*g + k - 206. What is the remainder when 9 is divided by (-3)/36*-50 + (-7)/g?
1
Let o = 2824 - 2806. Let v(l) = -l. Let z be v(1). Calculate the remainder when 3/z - -2 - -47 is divided by o.
10
Calculate the remainder when 532 is divided by (4 - (-49)/(-4))/(3*(-3)/96).
4
Let y(s) = 398*s + 3137. Calculate the remainder when 662 is divided by y(-7).
311
Let q(u) = u**2 + 9*u - 40. Let h be q(-12). What is the remainder when 54/(-216) + (2151/h)/(-3) is divided by 31?
24
Suppose -145270*k - 195 = -145309*k. Let g(h) = -4*h - 1 - 1 + 3*h. Calculate the remainder when k is divided by g(-5).
2
Let b = -85 + 90. Suppose d = -2*s + 317, -s = b*d - 3*d - 634. Let u = 552 - d. What is the remainder when u is divided by 34?
31
Suppose -292*u = -308*u + 1344. Calculate the remainder when u is divided by 25.
9
Suppose -167*v = 151*v - 54*v - 10560. What is the remainder when 1071 is divided by v?
31
Let d = 618 - 368. Suppose 4*q = -39*x + 37*x + 66, -5*q - 31*x = 117. What is the remainder when d is divided by q?
10
Let u = -107 - -61. Let g = u - -64. Let z(b) = -30*b + 1853. What is the remainder when z(57) is divided by g?
17
Let x be (-1 - -1)/(13 - 10). Suppose -2*d + 27 + 31 = x. Suppose 23*h = 24*h - d. Calculate the remainder when h is divided by 8.
5
Suppose 3*p = 19*p + 52*p - 2584. Let q(s) = 3*s**3 + 7*s**2 + 4. Let o be q(-5). Let h = -125 - o. What is the remainder when h is divided by p?
33
Let u(o) = 6*o - 6. Suppose -29*y = -32*y + 30. Let c be u(y). Suppose -2*k - 4 = -4*k, 3*k = -3*z + c. Calculate the remainder when z is divided by 11.
5
Let s(a) = a**2 + 105*a + 1194. What is the remainder when 142 is divided by s(-12)?
64
Suppose -551*m - 2046 = -562*m. What is the remainder when m is divided by 30?
6
Let d = 14902 + -14792. Calculate the remainder when 880 is divided by d.
0
Suppose -100 = -4*u - 116. What is the remainder when ((-30)/u)/(-5) - (-620)/8 is divided by 6?
4
Let x = 50 + -45. Suppose 12 = i + x*i. Suppose t = -3*j + 14, -i*t = -j - 0*j + 7. Calculate the remainder when 24 is divided by j.
4
What is the remainder when 90/(25 - 26)*(-2)/3 is divided by 51?
9
Let r = -4478 + 5610. Calculate the remainder when r is divided by 14.
12
Let d = 5 + 53. Let b = 7673 + -7210. Calculate the remainder when b is divided by d.
57
Let r = 5 - 0. Suppose -2*d + 2*l + 0*l = -14, 0 = -2*d - r*l - 21. Suppose -33 = -u + q, -u + 21 = 4*q - d*q. What is the remainder when u is divided by 10?
9
What is the remainder when 736 is divided by (-3 - -148)*(611/390 + 1/(-6))?
127
Let a(i) = 2*i**3 - 163*i**2 - 83*i + 93. Suppose -2*l + 12 = 4. Calculate the remainder when a(82) is divided by l.
3
Let y = -3550 - -3553. What is the remainder when 90 is divided by y?
0
Let q = -3753 - -3880. Calculate the remainder when 265 is divided by q.
11
Let g = 628 - 412. Calculate the remainder when g is divided by 110.
106
Suppose -3*a - 5 = -2*a. Let z(w) = w**2 + w + 6. Let s be z(a). Calculate the remainder when (s/(-6))/(3/(-9)) is divided by 7.
6
Let u(p) = 13*p - 11. Let r(w) = w**2 + 16*w + 6. Let z be r(-16). Let n = 72 + -49. Calculate the remainder when u(z) is divided by n.
21
What is the remainder when 620 is divided by (2112/1320)/(0 + (-1)/(-30))?
44
Let q(j) be the second derivative of 5/12*j**4 + 5*j + 3/2*j**2 - 2/3*j**3 + 3/20*j**5 + 0. What is the remainder when 75 is divided by q(2)?
36
Let j(x) = -2 + 4 + 2 - 3 - x. Let w be j(0). What is the remainder when 44 is divided by -3 + ((-76)/(-4) - w)?
14
Suppose 23391 = 33*s + 18*s - 28*s. What is the remainder when s is divided by 1011?
6
Let u(x) = 2*x + 13. Let f be u(-7). Let w be (-11 - -168)/(f + -1 + 1). Let y = w - -241. Calculate the remainder when y is divided by 15.
9
Suppose -3*r - 22*s + 17*s + 808 = 0, -4*r + 1060 = -2*s. What is the remainder when 787 is divided by r?
255
Suppose -59*z + 61*z = -2*p + 228, 0 = z + 2*p - 123. Let t(u) = 2 + 3*u - 4*u - 4*u. Calculate the remainder when z is divided by t(-5).
24
Let d = -5690 + 5711. What is the remainder when 21144 is divided by d?
18
Let j = -469 - -1175. Suppose 0 = 4*n + 3*g - 2*g - j, 3*n + g - 529 = 0. What is the remainder when n is divided by 36?
33
Let a = 117 - -4518. Suppose 0 = v + 14*v - a. What is the remainder when v is divided by 13?
10
Let g be ((-6)/18)/(4 + 142/(-36)). Let i(a) = 6*a**2 + 22*a - 23. What is the remainder when i(g) is divided by 34?
27
Suppose 131 = 4*o + 15. Suppose 3*l - 13 = 5*k, -4*k = -2*l 